the greatest common factor of h and 10.
10
Let x(j) = 2*j**2 - 36*j + 40. Let m be x(17). What is the highest common factor of 2 and m?
2
Let x be 66 + 5/((-25)/5). Let j = 0 - 4. Let y(l) = -4*l - 3. Let i be y(j). What is the highest common divisor of i and x?
13
Let d be 1 + 1 + 2 + -4. Suppose -g - 5 = -d*g. Let j be 3 + g + 2 - -13. What is the highest common factor of 52 and j?
13
Let l(h) = 46*h - 10. Let o(s) = -s + 4. Let g be o(-3). Let w be l(g). Suppose -3*i + w = 3*n - 0*i, i = 5. What is the highest common divisor of 11 and n?
11
Let k be 11 - (3/(-2))/(4/8). Let h = -41 - -251. Let m be (h/9)/((-2)/(-6)). Calculate the highest common divisor of m and k.
14
Let a(w) = 4*w**2 + 8*w + 3. Let t be a(-2). What is the highest common divisor of 27 and t?
3
Let t = -7 - -7. Suppose 3*r - 38 = -4*f, 2 = -r - t. What is the greatest common divisor of f and 1?
1
Suppose 4*n + 4*f = 44, 4 = 2*n + f - 22. Calculate the greatest common factor of 15 and n.
15
Let b(u) = -13*u**2 - 11*u - 10 - 2*u - 2*u**3 + u**3. Let r be b(-12). Calculate the highest common divisor of r and 4.
2
Suppose 28 = -5*z + 558. Let s = z + 8. Let r = -51 + s. What is the greatest common divisor of 7 and r?
7
Let y = -110 + 154. Suppose y = -2*m + 14. Let x be (-2 + (-3)/(-9))*m. Calculate the greatest common divisor of x and 10.
5
Suppose -2*i - i + 40 = 5*f, -2*i = 2*f - 20. Suppose -50 = -n + f*m, -2*n - m + 89 = -0*m. Calculate the highest common factor of 9 and n.
9
Suppose -2*a = 3*a - 210. Let g be 1040/169 - (-4)/(-26). Calculate the greatest common divisor of g and a.
6
Let y be 6/24 - (-181)/(-4). Let b = 117 + y. Let z = -8 - -17. Calculate the greatest common factor of z and b.
9
Let j be 69/(-6) - (-2)/(-4). Let t be ((-6)/(-5))/(j/(-270)). What is the highest common divisor of t and 9?
9
Let p(n) = -n**3 + 6*n**2 - 5*n + 4. Let g be p(3). Calculate the greatest common divisor of g and 112.
16
Suppose -4*u = -5 + 1. Let j = -4 - -7. What is the greatest common factor of j and u?
1
Let b = 23 - 19. What is the greatest common factor of 20 and b?
4
Suppose 0*d - 60 = -5*d. Let g be 1/(0 - 2/(-72)). Calculate the highest common factor of g and d.
12
Let l(x) = 4*x**2 + x + 1. Let w be l(-1). Let c = w - 2. Calculate the greatest common factor of 3 and c.
1
Let d be (1 - 3) + -4 + -2. Let a be d/36 + (-220)/(-18). Suppose -3*v - 4*j = 2 + 2, -3*j + 8 = 5*v. What is the greatest common factor of v and a?
4
Suppose -2*p + 0*p = -112. What is the highest common factor of 28 and p?
28
Let b be 12 - (4 - 12/6). What is the greatest common divisor of b and 160?
10
Suppose 3*v - 3*w - 15 = 0, 0 = -2*v - w + 1 + 18. Calculate the highest common divisor of v and 2.
2
Suppose -80 = -3*w - 5*w. What is the highest common factor of w and 30?
10
Suppose -5*f - 5*c + 4 = -2*f, -12 = -2*f - c. What is the greatest common divisor of f and 36?
4
Suppose -5*k + 2*q + 330 = 6*q, -320 = -5*k - 2*q. Calculate the greatest common divisor of k and 558.
62
Suppose 2*p - 10 = 0, o + 7 + 3 = 2*p. Suppose -6*r + r - 105 = o. Let w = r - -33. What is the highest common factor of w and 3?
3
Let w = -37 - -156. Suppose -y + 2*y - 85 = 0. Let j be 8/(-2)*y/(-20). What is the greatest common factor of w and j?
17
Suppose -23 + 7 = -4*j. Let g = -11 - -11. Suppose -j*r + r + 42 = -2*t, g = -3*r + 3*t + 45. What is the greatest common factor of 3 and r?
3
Suppose 2*c - 5*c = 0. Suppose a - 17 = -p + 5*a, c = 4*a + 8. What is the greatest common divisor of p and 9?
9
Suppose -5*w - 54 = -2*s - 5, 5*s = 4*w + 148. Let a be 2/(-5) - (-164)/10. Calculate the highest common divisor of a and s.
16
Suppose 0 = 4*t + l - 120, 0*t - 4*t - 2*l + 120 = 0. What is the greatest common factor of 20 and t?
10
Let k(c) = 28*c**2 + 4*c + 2. Let l be k(-2). Suppose -l = -0*j - j. Let p = j + 14. What is the greatest common divisor of 15 and p?
15
Suppose -16 = 5*y - 61. Suppose 4*b - 9 = 3*b. What is the greatest common factor of b and y?
9
Suppose q = 25 + 13. What is the highest common factor of q and 38?
38
Suppose 0 = -10*y + 15*y - 105. Let v be ((-12)/16)/((-1)/4). Suppose 0*z - v = -z. What is the greatest common factor of z and y?
3
Suppose 2*c = 0, -i - c + 143 = 18. What is the greatest common factor of 50 and i?
25
Suppose 6*m = 14 + 46. Calculate the highest common divisor of m and 10.
10
Suppose 0 = -0*v + 5*v + 4*d - 42, 0 = -3*v - 3*d + 24. What is the highest common divisor of 70 and v?
10
Suppose -2*o + 11 = 3*p, -3*o + 0*o = -3*p - 9. Let n(l) = l**2 + 11*l + 28. Let c be n(-3). What is the greatest common divisor of o and c?
4
Let u = 0 + 2. Let z be 12/(u - (-12)/(-9)). What is the highest common divisor of 12 and z?
6
Let x(n) = 2*n**2 + 2*n - 1. Let r be x(1). Suppose 0*q + 62 = h + r*q, q = -h + 72. Let j = -13 - -20. Calculate the greatest common factor of j and h.
7
Suppose 0*i - 8 = -4*i, -3*i = -2*w. Let g be (-2*3)/w - -16. What is the greatest common divisor of 28 and g?
14
Let t = 1 + 3. Suppose -5 + 85 = -t*a. Let p = a - -62. Calculate the highest common divisor of p and 28.
14
Let d be 29 + -2*2/4. Suppose a - d = 26. What is the highest common divisor of a and 6?
6
Let l(y) = 5*y - 13. Let b be l(8). Calculate the highest common factor of 189 and b.
27
Suppose 8 = n + 5*p - 33, -60 = -5*n + 4*p. Calculate the highest common divisor of 2 and n.
2
Let a be (2 - (3 - 4)) + 21. Calculate the highest common factor of 60 and a.
12
Suppose -2*o + 72 + 72 = 0. Let z = o - 17. Calculate the greatest common factor of z and 5.
5
Suppose -5*j + 2*m + 2*m = -927, -4*m + 195 = j. Let g(u) = -2*u**3 - 5*u**2 - 4*u - 4. Let k be g(-3). What is the highest common factor of k and j?
17
Let g = 84 + -55. Calculate the highest common divisor of 116 and g.
29
Suppose 0 = w + 2*d - 0*d, 0 = -5*w - 5*d - 5. Let n be 193 + w + 5 + -4. Let h = n + -115. Calculate the greatest common factor of 11 and h.
11
Let w be (-3)/(6/4) - -19. Let b = w - -3. What is the greatest common divisor of 220 and b?
20
Suppose -2*f + 4*g = -0*f - 46, -4*f + 71 = -g. Let v be -464 + (2/2 - 2). Let i = -278 - v. What is the highest common factor of i and f?
17
Let a(r) = -r**3 - r**2 - 2*r + 6. Let s be a(-6). Suppose 2*z - 3*u = 5*z - s, 2*z + 3*u - 128 = 0. What is the greatest common factor of 10 and z?
10
Let v be 1/2 - 58/(-4). Let y = -10 + v. Calculate the greatest common factor of y and 5.
5
Suppose 5*y - g = 101, -5*y - 4*g - 1 = -122. Suppose 4*m = -m + 840. Calculate the highest common divisor of y and m.
21
Let k(g) = g**2 - g + 2. Suppose n = 5*n. Let j be k(n). Suppose 4*w - 42 = j*w. What is the greatest common factor of 14 and w?
7
Let z(t) = 4*t**2 - 3. Let j be z(-3). Suppose -x - j = -3*d, 2*d - 4*x = -d + 33. Let r = -4 + 15. Calculate the greatest common factor of d and r.
11
Let b be ((-8)/(-6))/((-58)/30 - -2). What is the highest common divisor of b and 220?
20
Let u(q) = 0 - 3*q + 2*q + 0*q - 1. Let x be u(-5). Calculate the greatest common factor of x and 4.
4
Suppose 2*r = -3*o + 43, -5*o - r = -4*r - 78. Calculate the highest common factor of 45 and o.
15
Let c = 24 + -52. Let b = -16 - c. What is the greatest common divisor of 96 and b?
12
Let v = 16 + 8. Suppose -2*a - 6 = a - 3*y, 3*a + y = 14. What is the greatest common factor of a and v?
3
Suppose 16 = 4*x - 2*o, 4*x + 2*o - 9 = 7. Suppose 2*p - 21 = -3*n, -2 - 10 = -x*p. Suppose 40 = n*k - 20. Calculate the greatest common divisor of 60 and k.
12
Let x = 10 - 5. Let r(g) = -g**2 - 10*g - 4. Let j be r(-9). Calculate the greatest common divisor of x and j.
5
Let h be (-7 + (-195)/(-10))/((-2)/(-20)). What is the highest common divisor of h and 25?
25
Let z = -12 + 18. Let j(q) = 2*q - 8. Let s be j(z). Let a = -13 - -23. Calculate the greatest common factor of a and s.
2
Suppose 2*p + 87 = g, 5*g - 422 = p - 14. Let u(i) = i**2 - 5*i + 3. Let b be u(6). What is the highest common factor of b and g?
9
Let o(d) = -d + 5. Let n be o(-1). What is the greatest common factor of n and 30?
6
Let h(i) = -21*i - 1. Let u be 0 - (6/(-2) + 4). Let x be h(u). Calculate the highest common divisor of x and 40.
20
Let i(r) be the second derivative of -r**3/6 + r**2 - 3*r. Let x be i(-7). Let g = 31 - 13. What is the greatest common divisor of x and g